538?
5
What is the thousands digit of 1083?
1
What is the tens digit of 1184?
8
What is the hundreds digit of 2333?
3
What is the tens digit of 1568?
6
What is the tens digit of 3412?
1
What is the units digit of 14827?
7
What is the units digit of 105?
5
What is the ten thousands digit of 75285?
7
What is the tens digit of 136519?
1
What is the units digit of 92027?
7
What is the hundreds digit of 45595?
5
What is the thousands digit of 57046?
7
What is the hundreds digit of 123?
1
What is the hundreds digit of 540?
5
What is the thousands digit of 104180?
4
What is the tens digit of 22355?
5
What is the tens digit of 1618?
1
What is the tens digit of 4083?
8
What is the ten thousands digit of 81533?
8
What is the tens digit of 427?
2
What is the hundreds digit of 6251?
2
What is the units digit of 6400?
0
What is the tens digit of 4100?
0
What is the tens digit of 2449?
4
What is the tens digit of 262?
6
What is the hundreds digit of 518?
5
What is the tens digit of 1858?
5
What is the ten thousands digit of 156681?
5
What is the thousands digit of 4040?
4
What is the units digit of 166?
6
What is the hundreds digit of 443?
4
What is the thousands digit of 8413?
8
What is the tens digit of 59288?
8
What is the ten thousands digit of 30011?
3
What is the hundreds digit of 3089?
0
What is the hundreds digit of 1250?
2
What is the hundreds digit of 828?
8
What is the thousands digit of 2476?
2
What is the hundreds digit of 7565?
5
What is the thousands digit of 2502?
2
What is the tens digit of 48873?
7
What is the ten thousands digit of 22620?
2
What is the tens digit of 87056?
5
What is the tens digit of 175?
7
What is the tens digit of 15931?
3
What is the hundreds digit of 1473?
4
What is the hundreds digit of 2873?
8
What is the thousands digit of 2016?
2
What is the thousands digit of 10582?
0
What is the units digit of 370?
0
What is the ten thousands digit of 37815?
3
What is the hundreds digit of 74055?
0
What is the tens digit of 910?
1
What is the units digit of 3648?
8
What is the tens digit of 1932?
3
What is the units digit of 119250?
0
What is the units digit of 29136?
6
What is the thousands digit of 3580?
3
What is the ten thousands digit of 26464?
2
What is the thousands digit of 1504?
1
What is the hundreds digit of 7161?
1
What is the hundreds digit of 403?
4
What is the tens digit of 29583?
8
What is the units digit of 23825?
5
What is the ten thousands digit of 84142?
8
What is the hundreds digit of 609?
6
What is the units digit of 1080?
0
What is the thousands digit of 18509?
8
What is the tens digit of 10226?
2
What is the units digit of 12959?
9
What is the thousands digit of 25254?
5
What is the thousands digit of 7222?
7
What is the thousands digit of 7557?
7
What is the ten thousands digit of 102097?
0
What is the tens digit of 3448?
4
What is the thousands digit of 7310?
7
What is the tens digit of 4288?
8
What is the thousands digit of 35884?
5
What is the units digit of 1322?
2
What is the tens digit of 1328?
2
What is the hundreds digit of 26641?
6
What is the tens digit of 2260?
6
What is the tens digit of 24966?
6
What is the tens digit of 9918?
1
What is the thousands digit of 2806?
2
What is the thousands digit of 4179?
4
What is the units digit of 25524?
4
What is the ten thousands digit of 54404?
5
What is the units digit of 67264?
4
What is the hundreds digit of 1753?
7
What is the units digit of 35665?
5
What is the hundreds digit of 6232?
2
What is the units digit of 8065?
5
What is the units digit of 1062?
2
What is the thousands digit of 1106?
1
What is the hundreds digit of 68944?
9
What is the tens digit of 820?
2
What is the tens digit of 2307?
0
What is the thousands digit of 1133?
1
What is the tens digit of 38344?
4
What is the hundreds digit of 1913?
9
What is the thousands digit of 1128?
1
What is the tens digit of 1047?
4
What is the tens digit of 1415?
1
What is the units digit of 723?
3
What is the tens digit of 2124?
2
What is the units digit of 1776?
6
What is the tens digit of 19778?
7
What is the thousands digit of 1230?
1
What is the units digit of 5411?
1
What is the units digit of 20308?
8
What is the units digit of 5770?
0
What is the hundreds digit of 6607?
6
What is the units digit of 43458?
8
What is the ten thousands digit of 42434?
4
What is the thousands digit of 5471?
5
What is the tens digit of 34192?
9
What is the tens digit of 7852?
5
What is the tens digit of 392?
9
What is the units digit of 95?
5
What is the tens digit of 1815?
1
What is the tens digit of 5503?
0
What is the units digit of 6676?
6
What is the ten thousands digit of 21776?
2
What is the units digit of 12926?
6
What is the tens digit of 15683?
8
What is the ten thousands digit of 11089?
1
What is the thousands digit of 14506?
4
What is the tens digit of 1607?
0
What is the hundreds digit of 3458?
4
What is the units digit of 44930?
0
What is the tens digit of 654?
5
What is the hundreds digit of 48859?
8
What is the tens digit of 1477?
7
What is the tens digit of 289?
8
What is the tens digit of 3093?
9
What is the hundreds digit of 167449?
4
What is the thousands digit of 1094?
1
What is the tens digit of 341?
4
What is the units digit of 4256?
6
What is the hundreds digit of 866?
8
What is the hundreds digit of 49127?
1
What is the thousands digit of 4988?
4
What is the units digit of 9385?
5
What is the tens digit of 651?
5
What is the tens digit of 225?
2
What is the tens digit of 65938?
3
What is the hundreds digit of 5016?
0
What is the hundreds digit of 282?
2
What is the hundreds digit of 2440?
4
What is the units digit of 27359?
9
What is the thousands digit of 25020?
5
What is the units digit of 990?
0
What is the tens digit of 8746?
4
What is the tens digit of 19101?
0
What is the units digit of 564?
4
What is the ten thousands digit of 20969?
2
What is the tens digit of 5283?
8
What is the units digit of 3429?
9
What is the units digit of 33652?
2
What is the thousands digit of 5304?
5
What is the ten thousands digit of 135230?
3
What is the units digit of 802?
2
What is the tens digit of 3605?
0
What is the tens digit of 252?
5
What is the units digit of 2379?
9
What is the hundreds digit of 6594?
5
What is the hundreds digit of 21427?
4
What is the units digit of 675?
5
What is the tens digit of 864?
6
What is the tens digit of 283?
8
What is the hundreds digit of 39586?
5
What is the units digit of 1351?
1
What is the ten thousands digit of 15247?
1
What is the units digit of 90362?
2
What is the units digit of 8351?
1
What is the ten thousands digit of 171799?
7
What is the units digit of 1719?
9
What is the tens digit of 4872?
7
What is the tens digit of 1815?
1
What is the units digit of 3229?
9
What is the thousands digit of 9119?
9
What is the hundreds digit of 28261?
2
What is the thousands digit of 16535?
6
What is the thousands digit of 3072?
3
What is the hundreds digit of 24319?
3
What is the thousands digit of 32423?
2
What is the units digit of 919?
9
What is the tens digit of 1580?
8
What is the units digit of 418?
8
What is the hundreds digit of 857?
8
What is the units digit of 5522?
2
What is the tens digit of 1942?
4
What is the units digit of 353?
3
What is the hundreds digit of 877?
8
What is the hundreds digit of 2172?
1
What is the thousands digit of 25502?
5
What is the units digit of 1124?
4
What is the ten thousands digit of 15940?
1
What is the tens digit of 77350?
5
What is the hundreds digit of 1953?
9
What is the thousands digit of 11883?
1
What is the tens digit of 13509?
0
What is the tens digit of 248?
4
What is the tens digit of 422?
2
What is the hundreds digit of 4577?
5
What is the hundreds digit of 112196?
1
What is the units digit of 2861?
1
What is the units digit of 155?
5
What is the units digit of 174?
4
What is the tens digit of 926?
2
What is the hundreds digit of 4187?
1
What is the thousands digit of 7337?
7
What is the ten thousands digit of 12535?
1
What is the thousands digit of 4820?
4
What is the tens digit of 277?
7
What is the tens digit of 504?
0
What is the hundreds digit of 1171?
1
What is the tens digit of 2608?
0
What is the tens digit of 4612?
1
What is the thousands digit of 2167?
2
What is the tens digit of 10409?
0
What is th